{"id":30,"date":"2019-01-03T20:48:03","date_gmt":"2019-01-03T19:48:03","guid":{"rendered":"https:\/\/www.web-ls.de\/wplsb\/?page_id=30"},"modified":"2025-04-28T17:38:56","modified_gmt":"2025-04-28T17:38:56","slug":"carrier","status":"publish","type":"page","link":"https:\/\/web-ls.de\/wplsb\/","title":{"rendered":"Home"},"content":{"rendered":"\n<div class=\"wp-block-columns has-medium-font-size is-layout-flex wp-container-core-columns-is-layout-b5d14626 wp-block-columns-is-layout-flex\" style=\"border-style:none;border-width:0px;border-radius:0px;margin-top:0;margin-bottom:0;padding-top:0;padding-right:0;padding-bottom:0;padding-left:0\">\n<div class=\"wp-block-column has-global-padding is-layout-constrained wp-container-core-column-is-layout-3943bec1 wp-block-column-is-layout-constrained\" style=\"flex-basis:33%\">\n<h3 class=\"wp-block-heading alignwide has-text-align-center\">Projekte<\/h3>\n\n\n\n<p class=\"has-text-align-center\">In zahlreichen Projekten konnten wir mit unserer Kompetenz und Erfahrung unseren Kunden zu einer effektiven und kosteng\u00fcnstigen Umsetzung ihrer W\u00fcnsche verhelfen. Beratung und Konzeptionierung geh\u00f6ren f\u00fcr uns ebenso zur optimalen Projektbetreuung wie die Entwicklung der SAP Anwendungen selbst.<\/p>\n\n\n\n<p class=\"has-text-align-center\">Weiterlesen -> <a href=\"https:\/\/web-ls.de\/wplsb\/carrier\/projekte\/\" data-type=\"page\" data-id=\"59\">Projekte<\/a><\/p>\n<\/div>\n\n\n\n<div class=\"wp-block-column has-global-padding is-layout-constrained wp-container-core-column-is-layout-c720724c wp-block-column-is-layout-constrained\" style=\"flex-basis:33%\">\n<h3 class=\"wp-block-heading alignfull has-text-align-center\">Unternehmen<\/h3>\n\n\n\n<p class=\"has-text-align-center\">Seit 1997 setzt das Team der Lorenz Softwareberatung sein Knowhow in Bereich SAP in erfolgreiche L\u00f6sungsstrategien f\u00fcr Unternehmen um. Ein effizientes Netzwerk, in dem unterschiedliche Beratungspartner zusammenarbeiten, bietet ein breites Spektrum an Serviceleistungen, das ganz auf die Bed\u00fcrfnisse<\/p>\n\n\n\n<p class=\"has-text-align-center\">Weiterlesen -> <a href=\"https:\/\/web-ls.de\/wplsb\/carrier\/unternehmen\/\" data-type=\"page\" data-id=\"50\">Unternehmen<\/a><\/p>\n<\/div>\n\n\n\n<div class=\"wp-block-column has-global-padding is-content-justification-center is-layout-constrained wp-container-core-column-is-layout-3c4913bb wp-block-column-is-layout-constrained\" style=\"flex-basis:33%\">\n<h3 class=\"wp-block-heading has-text-align-center\">Philosophie<\/h3>\n\n\n\n<p class=\"has-text-align-center\">Softwareentwicklung im Team ! Beste Ergebnisse erzielt man nicht als Einzelner, sondern durch die B\u00fcndelung von Wissen und Erfahrungen. Deshalb legen wir bei unserer Arbeit besonderen Wert auf Teamwork, auf gemeinsames Entwickeln von kreativen Software-L\u00f6sungen. In enger Zusammenarbeit<\/p>\n\n\n\n<p class=\"has-text-align-center\">Weiterlesen -> <a href=\"https:\/\/web-ls.de\/wplsb\/carrier\/philosophie\/\" data-type=\"page\" data-id=\"57\">Philosophie<\/a><\/p>\n<\/div>\n<\/div>\n","protected":false},"excerpt":{"rendered":"<p>Projekte In zahlreichen Projekten konnten wir mit unserer Kompetenz und Erfahrung unseren Kunden zu einer effektiven und kosteng\u00fcnstigen Umsetzung ihrer W\u00fcnsche verhelfen. Beratung und Konzeptionierung geh\u00f6ren f\u00fcr uns ebenso zur optimalen Projektbetreuung wie die Entwicklung der SAP Anwendungen selbst. Weiterlesen -> Projekte Unternehmen Seit 1997 setzt das Team der Lorenz Softwareberatung sein Knowhow in Bereich [&hellip;]<\/p>\n","protected":false},"author":3,"featured_media":0,"parent":0,"menu_order":0,"comment_status":"closed","ping_status":"closed","template":"startpage","meta":{"footnotes":""},"class_list":["post-30","page","type-page","status-publish","hentry"],"_links":{"self":[{"href":"https:\/\/web-ls.de\/wplsb\/wp-json\/wp\/v2\/pages\/30","targetHints":{"allow":["GET"]}}],"collection":[{"href":"https:\/\/web-ls.de\/wplsb\/wp-json\/wp\/v2\/pages"}],"about":[{"href":"https:\/\/web-ls.de\/wplsb\/wp-json\/wp\/v2\/types\/page"}],"author":[{"embeddable":true,"href":"https:\/\/web-ls.de\/wplsb\/wp-json\/wp\/v2\/users\/3"}],"replies":[{"embeddable":true,"href":"https:\/\/web-ls.de\/wplsb\/wp-json\/wp\/v2\/comments?post=30"}],"version-history":[{"count":14,"href":"https:\/\/web-ls.de\/wplsb\/wp-json\/wp\/v2\/pages\/30\/revisions"}],"predecessor-version":[{"id":135,"href":"https:\/\/web-ls.de\/wplsb\/wp-json\/wp\/v2\/pages\/30\/revisions\/135"}],"wp:attachment":[{"href":"https:\/\/web-ls.de\/wplsb\/wp-json\/wp\/v2\/media?parent=30"}],"curies":[{"name":"wp","href":"https:\/\/api.w.org\/{rel}","templated":true}]}}