{"id":50,"date":"2019-01-04T12:44:17","date_gmt":"2019-01-04T11:44:17","guid":{"rendered":"https:\/\/www.web-ls.de\/wplsb\/?page_id=50"},"modified":"2025-04-28T17:39:17","modified_gmt":"2025-04-28T17:39:17","slug":"unternehmen","status":"publish","type":"page","link":"https:\/\/web-ls.de\/wplsb\/carrier\/unternehmen\/","title":{"rendered":"Unternehmen"},"content":{"rendered":"<p>Seit 1997 setzt das Team der Lorenz Softwareberatung sein Knowhow in Bereich SAP in erfolgreiche L\u00f6sungsstrategien f\u00fcr Unternehmen um. Ein effizientes Netzwerk, in dem unterschiedliche Beratungspartner zusammenarbeiten, bietet ein breites Spektrum an Serviceleistungen, das ganz auf die Bed\u00fcrfnisse der Kunden abgestimmt ist. Die Palette der von uns angebotenen Dienstleistungen entwickelt sich kontinuierlich weiter.<\/p>\n<p>Wir bieten ma\u00dfgeschneiderte L\u00f6sungen f\u00fcr jede Gr\u00f6\u00dfenordnung.<\/p>\n<p>Praxisorientiert &#8211; Ihre W\u00fcnsche und Erfordernisse sind Basis unserer Arbeit. Sie bekommen genau die Software, die Sie ben\u00f6tigen, um komfortabel und effizient zu arbeiten.<\/p>\n<p>Passgenau &#8211; \u201eGeht nicht\u201c gibt es nicht. Professionelle Softwarel\u00f6sungen sind unsere St\u00e4rke. Das notwendige Knowhow f\u00fcr Ihre Mitarbeiter liefern wir gleich mit.<\/p>\n<p>Partnerschaftlich &#8211; Wir erarbeiten mit Ihnen strategische Software-L\u00f6sungen und entwickeln mit Ihnen Potentiale. Wir bieten langfristige Kooperation statt kurzlebiger \u201eInsell\u00f6sungen\u201c.<\/p>\n","protected":false},"excerpt":{"rendered":"<p>Seit 1997 setzt das Team der Lorenz Softwareberatung sein Knowhow in Bereich SAP in erfolgreiche L\u00f6sungsstrategien f\u00fcr Unternehmen um. Ein effizientes Netzwerk, in dem unterschiedliche Beratungspartner zusammenarbeiten, bietet ein breites Spektrum an Serviceleistungen, das ganz auf die Bed\u00fcrfnisse der Kunden abgestimmt ist. Die Palette der von uns angebotenen Dienstleistungen entwickelt sich kontinuierlich weiter. Wir bieten [&hellip;]<\/p>\n","protected":false},"author":3,"featured_media":0,"parent":30,"menu_order":0,"comment_status":"closed","ping_status":"closed","template":"startpage","meta":{"footnotes":""},"class_list":["post-50","page","type-page","status-publish","hentry"],"_links":{"self":[{"href":"https:\/\/web-ls.de\/wplsb\/wp-json\/wp\/v2\/pages\/50","targetHints":{"allow":["GET"]}}],"collection":[{"href":"https:\/\/web-ls.de\/wplsb\/wp-json\/wp\/v2\/pages"}],"about":[{"href":"https:\/\/web-ls.de\/wplsb\/wp-json\/wp\/v2\/types\/page"}],"author":[{"embeddable":true,"href":"https:\/\/web-ls.de\/wplsb\/wp-json\/wp\/v2\/users\/3"}],"replies":[{"embeddable":true,"href":"https:\/\/web-ls.de\/wplsb\/wp-json\/wp\/v2\/comments?post=50"}],"version-history":[{"count":2,"href":"https:\/\/web-ls.de\/wplsb\/wp-json\/wp\/v2\/pages\/50\/revisions"}],"predecessor-version":[{"id":134,"href":"https:\/\/web-ls.de\/wplsb\/wp-json\/wp\/v2\/pages\/50\/revisions\/134"}],"up":[{"embeddable":true,"href":"https:\/\/web-ls.de\/wplsb\/wp-json\/wp\/v2\/pages\/30"}],"wp:attachment":[{"href":"https:\/\/web-ls.de\/wplsb\/wp-json\/wp\/v2\/media?parent=50"}],"curies":[{"name":"wp","href":"https:\/\/api.w.org\/{rel}","templated":true}]}}